-2100102
What is ae8 (base 15) in base 2?
100110100100
455 (base 14) to base 13
511
5309 (base 14) to base 8
33755
-43b2 (base 14) to base 11
-8895
What is -3017 (base 13) in base 7?
-25163
What is 6804 (base 12) in base 3?
120210211
What is -30031 (base 4) in base 11?
-650
1c3 (base 14) to base 6
1411
1061 (base 9) to base 3
1002001
Convert 1487 (base 14) to base 12.
213b
What is -21110 (base 9) in base 14?
-511b
23bb (base 12) to base 16
fbf
Convert -2614 (base 7) to base 3.
-1100201
64065 (base 8) to base 4
12200311
32204 (base 5) to base 14
b19
-6861 (base 10) to base 12
-3b79
10011000 (base 3) to base 11
17a7
What is 211001 (base 3) in base 7?
1510
3bd6 (base 16) to base 12
8a46
What is 122212000 (base 3) in base 16?
32d6
Convert 8932 (base 13) to base 6.
224334
514 (base 14) to base 13
5ba
5b2 (base 13) to base 12
6a6
350 (base 7) to base 11
156
-352 (base 6) to base 15
-95
-4161 (base 7) to base 6
-10440
What is -201a (base 13) in base 5?
-120132
What is 120020022 (base 3) in base 4?
2231201
b8 (base 15) to base 5
1143
What is 1273 (base 11) in base 9?
2236
Convert -34 (base 9) to base 6.
-51
What is -26a (base 15) in base 12?
-39a
What is 642 (base 7) in base 13?
1bc
Convert -224345 (base 7) to base 14.
-107cc
Convert 7256 (base 16) to base 7.
151223
Convert -405 (base 8) to base 11.
-218
What is -13570 (base 10) in base 2?
-11010100000010
Convert -131061 (base 7) to base 5.
-1240041
Convert 303322 (base 4) to base 16.
cfa
-123203 (base 5) to base 10
-4803
8542 (base 12) to base 5
431334
-645 (base 14) to base 4
-103111
Convert 3004 (base 12) to base 4.
1101010
Convert -4455 (base 6) to base 12.
-72b
What is -39 (base 12) in base 5?
-140
131 (base 11) to base 2
10011011
What is 1000320 (base 4) in base 16?
1038
What is -203432 (base 6) in base 2?
-11111111101100
What is -10100012 (base 3) in base 4?
-212003
-12420 (base 6) to base 16
-75c
What is 20541 (base 9) in base 11?
a211
1221 (base 3) to base 7
103
Convert -3233 (base 5) to base 4.
-12323
424041 (base 5) to base 3
201120120
-3001 (base 4) to base 12
-141
Convert -772 (base 9) to base 10.
-632
103e (base 16) to base 13
1b7b
Convert -2450b (base 12) to base 9.
-74332
What is -1100010000101 (base 2) in base 9?
-8544
What is 132030 (base 4) in base 9?
2576
What is -28baa (base 12) in base 7?
-325132
What is 11100110101 (base 2) in base 6?
12313
9768 (base 13) to base 6
241230
Convert -57 (base 8) to base 6.
-115
Convert 211132 (base 4) to base 13.
1126
What is -1532 (base 14) in base 16?
-eb8
-1dd (base 16) to base 9
-580
What is 110111000001 (base 2) in base 5?
103041
What is 6131 (base 7) in base 15?
96e
Convert -14152 (base 7) to base 11.
-2999
13511 (base 9) to base 2
10001111001011
317 (base 11) to base 4
11331
-17b40 (base 12) to base 8
-103240
321e (base 16) to base 9
18535
-1516 (base 8) to base 3
-1011100
Convert 1111000010 (base 2) to base 6.
4242
Convert 221130 (base 8) to base 2.
10010001001011000
Convert -6654 (base 15) to base 10.
-21679
What is 3116 (base 11) in base 7?
15021
Convert -2753 (base 10) to base 5.
-42003
What is -26142 (base 7) in base 3?
-100112000
What is -11001001 (base 2) in base 6?
-533
Convert -25582 (base 10) to base 7.
-134404
Convert -363 (base 13) to base 4.
-21030
3b85 (base 16) to base 8
35605
What is 1dcd (base 14) in base 6?
41201
What is -23342 (base 7) in base 3?
-22020112
What is -1022332 (base 4) in base 8?
-11276
What is 1671 (base 12) in base 7?
10543
Convert 9872 (base 11) to base 7.
52656
What is 3750 (base 16) in base 9?
21373
33244 (base 7) to base 14
3094
Convert 657 (base 9) to base 15.
25d
-20770 (base 8) to base 4
-2013320
Convert 22323 (base 4) to base 2.
1010111011
What is 20221123 (base 4) in base 2?
1000101001011011
What is -1949 (base 13) in base 8?
-7303
Convert 3b14 (base 13) to base 15.
2797
5ca2 (base 16) to base 13
aa42
-1422551 (base 6) to base 12
-3aa57
-660 (base 8) to base 12
-300
-211 (base 12) to base 9
-364
-10210223 (base 4) to base 10
-18731
What is 14001 (base 5) in base 16?
466
What is -47b (base 12) in base 13?
-3c8
Convert -51331 (base 7) to base 8.
-30345
-534 (base 15) to base 5
-14144
f17 (base 16) to base 11
29a2
Convert 1022015 (base 6) to base 15.
eacb
-1274 (base 14) to base 6
-22554
What is 51ba (base 12) in base 10?
8926
202101 (base 3) to base 5
4200
-122 (base 9) to base 13
-7a
What is 454 (base 6) in base 3?
20121
What is 8282 (base 9) in base 10?
6068
What is -40323 (base 6) in base 7?
-21321
What is -87e (base 15) in base 2?
-11101111111
32133012 (base 4) to base 3
10000101120
What is -2303 (base 7) in base 11?
-6a0
Convert c9 (base 16) to base 5.
1301
-766 (base 8) to base 14
-27c
What is -1822 (base 13) in base 2?
-110111111001
605 (base 16) to base 3
2010002
Convert 62b5 (base 15) to base 6.
240342
What is -101100001000011 (base 2) in base 15?
-6a65
What is -11578 (base 10) in base 9?
-16784
Convert 1ab (base 14) to base 11.
296
-243421 (base 5) to base 4
-2100110
Convert c5f (base 16) to base 6.
22355
123646 (base 9) to base 7
431220
Convert -4d4 (base 15) to base 4.
-101023
Convert 244112 (base 5) to base 2.
10010001000010
1307 (base 9) to base 7
2566
What is 30115 (base 6) in base 5?
111220
-6b1 (base 14) to base 6
-10055
What is -662 (base 10) in base 4?
-22112
What is 13967 (base 11) in base 15?
5ceb
What is -53084 (base 10) in base 9?
-80732
Convert -102110122 (base 3) to base 6.
-102412
928 (base 16) to base 5
33334
Convert -10201101 (base 3) to base 15.
-c0a
What is -120323 (base 4) in base 2?
-11000111011
Convert 13212 (base 4) to base 8.
746
What is -176 (base 14) in base 12?
-210
What is -1011 (base 4) in base 6?
-153
Convert -216 (base 16) to base 6.
-2250
Convert 1374 (base 9) to base 5.
13124
Convert -346 (base 16) to base 4.
-31012
Convert -2011 (base 8) to base 9.
-1367
Convert 1b8 (base 13) to base 12.
228
Convert -5460 (base 9) to base 14.
-1675
Convert 130300 (base 5) to base 15.
1785
Convert -15650 (base 7) to base 11.
-3381
What is 11122 (base 3) in base 10?
125
What is -21612 (base 9) in base 8?
-34014
What is 1906 (base 15) in base 7?
21522
Convert -2022 (base 3) to base 9.
-68
-475 (base 16) to base 14
-5b7
What is 47d5 (base 15) in base 3?
202221202
Convert 53520 (base 8) to base 11.
15880
What is 4056 (base 7) in base 8?
2605
Convert -3925 (base 10) to base 5.
-111200
What is 2ac (base 14) in base 2?
1000100000
What is 1658 (base 16) in base 5?
140340
What is 23232 (base 4) in base 6?
3250
Convert 1348 (base 10) to base 7.
3634
Convert 1001111000 (base 2) to base 16.
278
What is 21113031 (base 4) in base 15?
b569
1756 (base 8) to base 15
471
3b9a (base 12) to base 16
1ae6
-13644 (base 7) to base 12
-2210
What is -172d6 (base 14) in base 9?
-87751
What is 4026 (base 11) in base 16?
14e8
202021102 (base 3) to base 14
555a
What is 4221 (base 11) in base 7?
22203
6144 (base 8) to base 6
22404
83b (base 13) to base 3
1220221
What is 24d8b (base 14) in base 4?
112011233
What is -551 (base 15) in base 2?
-10010110001
Convert -19078 (base 10) to base 8.
-45206
What is -1022323 (base 4) in base 10?
-4795
4226 (base 7) to base 16
5d2
-2146 (base 9) to base 8
-3055
Convert -1013b (base 12) to base 7.
-115004
-aac (base 15) to base 5
-34122
Convert 1056 (base 8) to base 9.
680
Convert 11424 (base 5) to base 15.
3c9
2b90 (base 13) to base 14
2470
-342343 (base 5) to base 10
-12223
-13003 (base 4) to base 3
-121201
248ba (base 12) to base 6
1021554
130310 (base 5) to base 14
1bcc
Convert 343 (base 14) to base 15.
2d2
Convert 408c (base 16) to base 13.
76a1
Convert -440 (base 8) to base 13.
-192
163 (base 15) to base 11
26a
Convert -1112000 (base 3) to base 6.
-5043
What is 240453 (base 6) in base 15?
62e3
Convert -1001101100101 (base 2) to base 11.
-3804
What is 1874 (base 12) in base 9?
4057
What is -10434 (base 7) in base 14?
-d54
Convert 5055 (base 8) to base 10.
2605
2110220 (base 3) to base 13
a8c
Convert -1130 (base 15) to base 7.
-13425
-40042 (base 7) to base 10
-9634
What is -5760 (base 8) in base 16?
-bf0
Convert 8a29 (base 12) to base 11.
10547
9b1 (base 16) to base 6
15253
What is 454 (base 9) in base 16?
175
-1940a (base 13) to base 5
-3032040
102a (base 12) to base 14
8dc
-164c (base 14) to base 4
-332110
110100221 (base 3) to base 13
4147
What is -10699 (ba